{"id":581,"date":"2015-05-15T10:02:16","date_gmt":"2015-05-15T10:02:16","guid":{"rendered":"http:\/\/wp12210664.server-he.ch\/wordpress\/?page_id=581"},"modified":"2024-09-26T08:46:44","modified_gmt":"2024-09-26T08:46:44","slug":"beidseitige-lkg","status":"publish","type":"page","link":"https:\/\/lkgstillen.ch\/wordpress\/beidseitige-lkg\/","title":{"rendered":"Beidseitige Lippen-Kiefer-Gaumen-Nasen-Fehlbildung LKGN"},"content":{"rendered":"<h4><strong>Carlos Geschichte in Bildern<\/strong><\/h4>\n<p>Nach intensiven Vorgespr\u00e4chen mit den Eltern schauten diese sich vor der Geburt die DVD von Mauro an. Sie hatten gen\u00fcgend Zeit, um den Ern\u00e4hrungsbeginn zu planen. Wir bereiteten vor der Geburt das BES mit einem Zusatzloch vor.<\/p>\n<p>Bereits am ersten Abend sog Carlo geschickt an der Brust. Durch das BES floss Kolostrum, ein Erfolgserlebnis f\u00fcr Mutter und Carlo. Das BES begleitete danach die beiden \u00fcber Monate. Diese Mutter erfand eine neue Art von Fingerfeeding. Statt mit einer 20ml Spritze nahm sie den SpecialNeeds\u00ae Sauger, um die Milch ihrem Finger entlang in den Mund von Carlo zu spritzen. Sehen Sie sich die Bilder an!<\/p>\n<p style=\"font-weight: 400;\"><span style=\"color: #ff0000;\">Achtung! Altes Brustern\u00e4hrungsset BES ist nicht mehr erh\u00e4ltlich!<\/span><br \/>\n<span style=\"color: #ff0000;\">Das neue Brustern\u00e4hrungsset ist nur f\u00fcr Kinder mit dem Aufbau vom Unterdruck geeignet. Als Hilfsmittel muss das BES f\u00fcr ein Baby mit LKGN-Fehlbildung speziell abge\u00e4ndert werden.<\/span><\/p>\n<div id=\"metaslider-id-1229\" style=\"width: 100%; margin: 0 auto;\" class=\"ml-slider-3-102-0 metaslider metaslider-flex metaslider-1229 ml-slider has-dots-nav ms-theme-default\" role=\"region\" aria-label=\"Beidseitige LKG\" data-height=\"300\" data-width=\"700\">\n    <div id=\"metaslider_container_1229\">\n        <div id=\"metaslider_1229\">\n            <ul class='slides'>\n                <li style=\"display: block; width: 100%;\" class=\"slide-1230 ms-image \" aria-roledescription=\"slide\" data-date=\"2022-12-15 12:48:59\" data-slide-type=\"image\"><img loading=\"lazy\" decoding=\"async\" width=\"427\" height=\"300\" src=\"https:\/\/lkgstillen.ch\/wordpress\/wp-content\/uploads\/2015\/05\/1_BES-mit-Zusatzloch.jpg\" class=\"slider-1229 slide-1230 msDefaultImage\" alt=\"\" rel=\"\" title=\"1_Brustern\u00e4hrungsset mit Zusatzloch\" style=\"margin: 0 auto; width: 61%\" srcset=\"https:\/\/lkgstillen.ch\/wordpress\/wp-content\/uploads\/2015\/05\/1_BES-mit-Zusatzloch.jpg 427w, https:\/\/lkgstillen.ch\/wordpress\/wp-content\/uploads\/2015\/05\/1_BES-mit-Zusatzloch-300x211.jpg 300w\" sizes=\"auto, (max-width: 427px) 100vw, 427px\" \/><div class=\"caption-wrap\"><div class=\"caption\">Brustern\u00e4hrungsset BES mit Zusatzloch<\/div><\/div><\/li>\n                <li style=\"display: none; width: 100%;\" class=\"slide-1231 ms-image \" aria-roledescription=\"slide\" data-date=\"2022-12-15 12:48:59\" data-slide-type=\"image\"><img loading=\"lazy\" decoding=\"async\" width=\"545\" height=\"300\" src=\"https:\/\/lkgstillen.ch\/wordpress\/wp-content\/uploads\/2015\/05\/2_Carlo-an-der-Brust.jpg\" class=\"slider-1229 slide-1231 msDefaultImage\" alt=\"\" rel=\"\" title=\"2_Carlo an der Brust\" style=\"margin: 0 auto; width: 77.857142857143%\" srcset=\"https:\/\/lkgstillen.ch\/wordpress\/wp-content\/uploads\/2015\/05\/2_Carlo-an-der-Brust.jpg 545w, https:\/\/lkgstillen.ch\/wordpress\/wp-content\/uploads\/2015\/05\/2_Carlo-an-der-Brust-300x165.jpg 300w\" sizes=\"auto, (max-width: 545px) 100vw, 545px\" \/><div class=\"caption-wrap\"><div class=\"caption\">Carlo an der Brust<\/div><\/div><\/li>\n                <li style=\"display: none; width: 100%;\" class=\"slide-1232 ms-image \" aria-roledescription=\"slide\" data-date=\"2022-12-15 12:48:59\" data-slide-type=\"image\"><img loading=\"lazy\" decoding=\"async\" width=\"458\" height=\"300\" src=\"https:\/\/lkgstillen.ch\/wordpress\/wp-content\/uploads\/2015\/05\/3_Abpumpen.jpg\" class=\"slider-1229 slide-1232 msDefaultImage\" alt=\"\" rel=\"\" title=\"3_Abpumpen\" style=\"margin: 0 auto; width: 65.428571428571%\" srcset=\"https:\/\/lkgstillen.ch\/wordpress\/wp-content\/uploads\/2015\/05\/3_Abpumpen.jpg 458w, https:\/\/lkgstillen.ch\/wordpress\/wp-content\/uploads\/2015\/05\/3_Abpumpen-300x197.jpg 300w\" sizes=\"auto, (max-width: 458px) 100vw, 458px\" \/><div class=\"caption-wrap\"><div class=\"caption\">Abpumpen<\/div><\/div><\/li>\n                <li style=\"display: none; width: 100%;\" class=\"slide-1233 ms-image \" aria-roledescription=\"slide\" data-date=\"2022-12-15 12:48:59\" data-slide-type=\"image\"><img loading=\"lazy\" decoding=\"async\" width=\"545\" height=\"300\" src=\"https:\/\/lkgstillen.ch\/wordpress\/wp-content\/uploads\/2015\/05\/4_Fingerfeeden-mit-SpecialNeeds\u00ae-Sauger.jpg\" class=\"slider-1229 slide-1233 msDefaultImage\" alt=\"\" rel=\"\" title=\"4_Fingerfeeden mit SpecialNeeds\u00ae Sauger\" style=\"margin: 0 auto; width: 77.857142857143%\" srcset=\"https:\/\/lkgstillen.ch\/wordpress\/wp-content\/uploads\/2015\/05\/4_Fingerfeeden-mit-SpecialNeeds\u00ae-Sauger.jpg 545w, https:\/\/lkgstillen.ch\/wordpress\/wp-content\/uploads\/2015\/05\/4_Fingerfeeden-mit-SpecialNeeds\u00ae-Sauger-300x165.jpg 300w\" sizes=\"auto, (max-width: 545px) 100vw, 545px\" \/><div class=\"caption-wrap\"><div class=\"caption\">Fingerfeeden mit SpecialNeeds\u00a9 Sauger<\/div><\/div><\/li>\n                <li style=\"display: none; width: 100%;\" class=\"slide-1234 ms-image \" aria-roledescription=\"slide\" data-date=\"2022-12-15 12:48:59\" data-slide-type=\"image\"><img loading=\"lazy\" decoding=\"async\" width=\"420\" height=\"300\" src=\"https:\/\/lkgstillen.ch\/wordpress\/wp-content\/uploads\/2015\/05\/5_Beruhigen.jpg\" class=\"slider-1229 slide-1234 msDefaultImage\" alt=\"\" rel=\"\" title=\"5_Beruhigen mit Stofftier\" style=\"margin: 0 auto; width: 60%\" srcset=\"https:\/\/lkgstillen.ch\/wordpress\/wp-content\/uploads\/2015\/05\/5_Beruhigen.jpg 420w, https:\/\/lkgstillen.ch\/wordpress\/wp-content\/uploads\/2015\/05\/5_Beruhigen-300x214.jpg 300w\" sizes=\"auto, (max-width: 420px) 100vw, 420px\" \/><div class=\"caption-wrap\"><div class=\"caption\">Beruhigen mit einem Stofftier<\/div><\/div><\/li>\n                <li style=\"display: none; width: 100%;\" class=\"slide-1235 ms-image \" aria-roledescription=\"slide\" data-date=\"2022-12-15 12:48:59\" data-slide-type=\"image\"><img loading=\"lazy\" decoding=\"async\" width=\"545\" height=\"300\" src=\"https:\/\/lkgstillen.ch\/wordpress\/wp-content\/uploads\/2015\/05\/6_nach-der-OP.jpg\" class=\"slider-1229 slide-1235 msDefaultImage\" alt=\"\" rel=\"\" title=\"6_nach Gaumen und Lippenverschluss\" style=\"margin: 0 auto; width: 77.857142857143%\" srcset=\"https:\/\/lkgstillen.ch\/wordpress\/wp-content\/uploads\/2015\/05\/6_nach-der-OP.jpg 545w, https:\/\/lkgstillen.ch\/wordpress\/wp-content\/uploads\/2015\/05\/6_nach-der-OP-300x165.jpg 300w\" sizes=\"auto, (max-width: 545px) 100vw, 545px\" \/><div class=\"caption-wrap\"><div class=\"caption\">Trinken nach Gaumen- und Lippenplastik<\/div><\/div><\/li>\n            <\/ul>\n        <\/div>\n        \n    <\/div>\n<\/div>\n<hr \/>\n<h4><strong>Beitrag aus Facebook<\/strong><\/h4>\n<p><strong>Frage:<br \/>\n<\/strong>Sonografie Diagnose best\u00e4tigt. Beidseitige LKGS. Jetzt sind es noch 8 Wochen zur Geburt. Habt ihr Tipps, was ich vorab vorbereiten, organisieren muss\/sollte?<\/p>\n<p><strong>Antwort:<br \/>\n<\/strong>Es kommt drauf an, was du willst.<br \/>\nIch kann auch gern mit dir reden.<br \/>\nWorauf lag dein Fokus bevor du von der Spalte wusstest?<br \/>\nStillen ja\/nein?<br \/>\nViel mobil oder nicht?<\/p>\n<p>Ich hatte Angst vor der Spalte und habe viele Kurse besucht, um ihm und mir einen normalen Umgang mit &#8222;normalen&#8220; Kindern zu erm\u00f6glichen&#8230;<br \/>\nMir war Stillen wichtig, sodass ich\u2026<br \/>\n<strong>weiterlesen <a href=\"http:\/\/lkgstillen.ch\/wordpress\/wp-content\/uploads\/2015\/05\/1_Facebookbeitrag.pdf\" target=\"_blank\" rel=\"noopener\">Bericht als PDF<\/a><\/strong><\/p>\n","protected":false},"excerpt":{"rendered":"<p>Carlos Geschichte in Bildern Nach intensiven Vorgespr\u00e4chen mit den Eltern schauten diese sich vor der Geburt die DVD von Mauro an. Sie hatten gen\u00fcgend Zeit, um den Ern\u00e4hrungsbeginn zu planen. Wir bereiteten vor der Geburt das BES mit einem Zusatzloch &hellip; <a href=\"https:\/\/lkgstillen.ch\/wordpress\/beidseitige-lkg\/\">Weiterlesen <span class=\"meta-nav\">&rarr;<\/span><\/a><\/p>\n","protected":false},"author":1,"featured_media":636,"parent":0,"menu_order":0,"comment_status":"closed","ping_status":"closed","template":"","meta":{"footnotes":""},"class_list":["post-581","page","type-page","status-publish","has-post-thumbnail","hentry"],"aioseo_notices":[],"_links":{"self":[{"href":"https:\/\/lkgstillen.ch\/wordpress\/wp-json\/wp\/v2\/pages\/581","targetHints":{"allow":["GET"]}}],"collection":[{"href":"https:\/\/lkgstillen.ch\/wordpress\/wp-json\/wp\/v2\/pages"}],"about":[{"href":"https:\/\/lkgstillen.ch\/wordpress\/wp-json\/wp\/v2\/types\/page"}],"author":[{"embeddable":true,"href":"https:\/\/lkgstillen.ch\/wordpress\/wp-json\/wp\/v2\/users\/1"}],"replies":[{"embeddable":true,"href":"https:\/\/lkgstillen.ch\/wordpress\/wp-json\/wp\/v2\/comments?post=581"}],"version-history":[{"count":18,"href":"https:\/\/lkgstillen.ch\/wordpress\/wp-json\/wp\/v2\/pages\/581\/revisions"}],"predecessor-version":[{"id":1475,"href":"https:\/\/lkgstillen.ch\/wordpress\/wp-json\/wp\/v2\/pages\/581\/revisions\/1475"}],"wp:featuredmedia":[{"embeddable":true,"href":"https:\/\/lkgstillen.ch\/wordpress\/wp-json\/wp\/v2\/media\/636"}],"wp:attachment":[{"href":"https:\/\/lkgstillen.ch\/wordpress\/wp-json\/wp\/v2\/media?parent=581"}],"curies":[{"name":"wp","href":"https:\/\/api.w.org\/{rel}","templated":true}]}}