{"id":462,"date":"2015-05-11T09:56:25","date_gmt":"2015-05-11T09:56:25","guid":{"rendered":"http:\/\/wp12210664.server-he.ch\/wordpress\/?page_id=462"},"modified":"2024-09-26T08:44:46","modified_gmt":"2024-09-26T08:44:46","slug":"einseitige-lkg","status":"publish","type":"page","link":"https:\/\/lkgstillen.ch\/wordpress\/einseitige-lkg\/","title":{"rendered":"Einseitige Lippen-Kiefer-Gaumen-Nasen-Fehlbildung LKGN"},"content":{"rendered":"<h4><strong>Mayas Geschichte &#8211; in Wort und Bild<\/strong><\/h4>\n<p>Liebe Frau Beck* (Name ge\u00e4ndert aus \u00d6sterreich)<br \/>\nWas f\u00fcr eine gute Nachricht! Einfach wunderbar, dass Sie es geschafft haben zu stillen. Bitte\u00a0schreiben Sie mir unbedingt noch, wie Maya* (Name ge\u00e4ndert) mit einseitiger LKG, genau\u00a0von der Brust trinkt und wie oft Sie pumpen. Das sind so wichtige Infos f\u00fcr andere M\u00fctter und\u00a0wir alle lernen soviel voneinander.<\/p>\n<p>Maya, (4 Mt. alt) trinkt an der linken Brust und ich pumpe meistens\u2026<br \/>\n<strong>weiterlesen\u00a0<a href=\"http:\/\/lkgstillen.ch\/wordpress\/wp-content\/uploads\/2015\/05\/3_Erfahrungsbericht_LKG_Maya_Beck1.pdf\" target=\"_blank\" rel=\"noopener\">Mayas Geschichte als PDF<\/a><\/strong><\/p>\n<div id=\"metaslider-id-1180\" style=\"width: 100%; margin: 0 auto;\" class=\"ml-slider-3-102-0 metaslider metaslider-flex metaslider-1180 ml-slider has-dots-nav ms-theme-default\" role=\"region\" aria-label=\"Einseitige LKG\" data-height=\"300\" data-width=\"700\">\n    <div id=\"metaslider_container_1180\">\n        <div id=\"metaslider_1180\">\n            <ul class='slides'>\n                <li style=\"display: block; width: 100%;\" class=\"slide-1181 ms-image \" aria-roledescription=\"slide\" data-date=\"2022-12-15 12:08:52\" data-slide-type=\"image\"><img loading=\"lazy\" decoding=\"async\" width=\"1102\" height=\"735\" src=\"https:\/\/lkgstillen.ch\/wordpress\/wp-content\/uploads\/2015\/03\/Baby_LGS.jpg\" class=\"slider-1180 slide-1181 msDefaultImage\" alt=\"\" rel=\"\" title=\"1_Maya mit einseitiger LKG rechts und Gaumenplatte\" style=\"margin: 0 auto; width: 64.256559766764%\" srcset=\"https:\/\/lkgstillen.ch\/wordpress\/wp-content\/uploads\/2015\/03\/Baby_LGS.jpg 1102w, https:\/\/lkgstillen.ch\/wordpress\/wp-content\/uploads\/2015\/03\/Baby_LGS-300x200.jpg 300w, https:\/\/lkgstillen.ch\/wordpress\/wp-content\/uploads\/2015\/03\/Baby_LGS-1024x683.jpg 1024w\" sizes=\"auto, (max-width: 1102px) 100vw, 1102px\" \/><div class=\"caption-wrap\"><div class=\"caption\">Maya mit einseitiger Lippen-Kiefer-Gaumenspalte rechts<\/div><\/div><\/li>\n                <li style=\"display: none; width: 100%;\" class=\"slide-1237 ms-image \" aria-roledescription=\"slide\" data-date=\"2022-12-15 12:55:31\" data-slide-type=\"image\"><img loading=\"lazy\" decoding=\"async\" width=\"450\" height=\"300\" src=\"https:\/\/lkgstillen.ch\/wordpress\/wp-content\/uploads\/2015\/05\/1_wwwMaya_Fingerfeeding.jpg\" class=\"slider-1180 slide-1237 msDefaultImage\" alt=\"\" rel=\"\" title=\"2_Fingerfeeding mit Blickkontakt. Greifreflex beachten\" style=\"margin: 0 auto; width: 64.285714285714%\" srcset=\"https:\/\/lkgstillen.ch\/wordpress\/wp-content\/uploads\/2015\/05\/1_wwwMaya_Fingerfeeding.jpg 450w, https:\/\/lkgstillen.ch\/wordpress\/wp-content\/uploads\/2015\/05\/1_wwwMaya_Fingerfeeding-300x200.jpg 300w\" sizes=\"auto, (max-width: 450px) 100vw, 450px\" \/><div class=\"caption-wrap\"><div class=\"caption\">Fingerfeeding mit Blickkontakt - Greifreflex beachten!<\/div><\/div><\/li>\n                <li style=\"display: none; width: 100%;\" class=\"slide-1182 ms-image \" aria-roledescription=\"slide\" data-date=\"2022-12-15 12:08:52\" data-slide-type=\"image\"><img loading=\"lazy\" decoding=\"async\" width=\"400\" height=\"300\" src=\"https:\/\/lkgstillen.ch\/wordpress\/wp-content\/uploads\/2015\/05\/2_Spritzen_vorbereiten.jpg\" class=\"slider-1180 slide-1182 msDefaultImage\" alt=\"\" rel=\"\" title=\"3_Spritzen_vorbereiten\" style=\"margin: 0 auto; width: 57.142857142857%\" srcset=\"https:\/\/lkgstillen.ch\/wordpress\/wp-content\/uploads\/2015\/05\/2_Spritzen_vorbereiten.jpg 400w, https:\/\/lkgstillen.ch\/wordpress\/wp-content\/uploads\/2015\/05\/2_Spritzen_vorbereiten-300x225.jpg 300w\" sizes=\"auto, (max-width: 400px) 100vw, 400px\" \/><div class=\"caption-wrap\"><div class=\"caption\">Spritzen vorbereiten<\/div><\/div><\/li>\n                <li style=\"display: none; width: 100%;\" class=\"slide-1183 ms-image \" aria-roledescription=\"slide\" data-date=\"2022-12-15 12:08:52\" data-slide-type=\"image\"><img loading=\"lazy\" decoding=\"async\" width=\"400\" height=\"300\" src=\"https:\/\/lkgstillen.ch\/wordpress\/wp-content\/uploads\/2015\/05\/3_Milch-aufziehen.jpg\" class=\"slider-1180 slide-1183 msDefaultImage\" alt=\"\" rel=\"\" title=\"4_Milch aufziehen\" style=\"margin: 0 auto; width: 57.142857142857%\" srcset=\"https:\/\/lkgstillen.ch\/wordpress\/wp-content\/uploads\/2015\/05\/3_Milch-aufziehen.jpg 400w, https:\/\/lkgstillen.ch\/wordpress\/wp-content\/uploads\/2015\/05\/3_Milch-aufziehen-300x225.jpg 300w\" sizes=\"auto, (max-width: 400px) 100vw, 400px\" \/><div class=\"caption-wrap\"><div class=\"caption\">Milch aufziehen<\/div><\/div><\/li>\n                <li style=\"display: none; width: 100%;\" class=\"slide-1184 ms-image \" aria-roledescription=\"slide\" data-date=\"2022-12-15 12:08:52\" data-slide-type=\"image\"><img loading=\"lazy\" decoding=\"async\" width=\"225\" height=\"300\" src=\"https:\/\/lkgstillen.ch\/wordpress\/wp-content\/uploads\/2015\/05\/4_Milch-warmstellen.jpg\" class=\"slider-1180 slide-1184 msDefaultImage\" alt=\"\" rel=\"\" title=\"5_Milch warmstellen\" style=\"margin: 0 auto; width: 32.142857142857%\" \/><div class=\"caption-wrap\"><div class=\"caption\">Milch warmstellen<\/div><\/div><\/li>\n                <li style=\"display: none; width: 100%;\" class=\"slide-1185 ms-image \" aria-roledescription=\"slide\" data-date=\"2022-12-15 12:08:52\" data-slide-type=\"image\"><img loading=\"lazy\" decoding=\"async\" width=\"400\" height=\"300\" src=\"https:\/\/lkgstillen.ch\/wordpress\/wp-content\/uploads\/2015\/05\/5_Muttermilch_einfrieren_Vorrat.jpg\" class=\"slider-1180 slide-1185 msDefaultImage\" alt=\"\" rel=\"\" title=\"6_Muttermilch_einfrieren_Vorrat\" style=\"margin: 0 auto; width: 57.142857142857%\" srcset=\"https:\/\/lkgstillen.ch\/wordpress\/wp-content\/uploads\/2015\/05\/5_Muttermilch_einfrieren_Vorrat.jpg 400w, https:\/\/lkgstillen.ch\/wordpress\/wp-content\/uploads\/2015\/05\/5_Muttermilch_einfrieren_Vorrat-300x225.jpg 300w\" sizes=\"auto, (max-width: 400px) 100vw, 400px\" \/><div class=\"caption-wrap\"><div class=\"caption\">Muttermilch als Vorrat einfrieren<\/div><\/div><\/li>\n                <li style=\"display: none; width: 100%;\" class=\"slide-1186 ms-image \" aria-roledescription=\"slide\" data-date=\"2022-12-15 12:08:52\" data-slide-type=\"image\"><img loading=\"lazy\" decoding=\"async\" width=\"400\" height=\"300\" src=\"https:\/\/lkgstillen.ch\/wordpress\/wp-content\/uploads\/2015\/05\/6_Stillecke.jpg\" class=\"slider-1180 slide-1186 msDefaultImage\" alt=\"\" rel=\"\" title=\"7_Stillecke\" style=\"margin: 0 auto; width: 57.142857142857%\" srcset=\"https:\/\/lkgstillen.ch\/wordpress\/wp-content\/uploads\/2015\/05\/6_Stillecke.jpg 400w, https:\/\/lkgstillen.ch\/wordpress\/wp-content\/uploads\/2015\/05\/6_Stillecke-300x225.jpg 300w\" sizes=\"auto, (max-width: 400px) 100vw, 400px\" \/><div class=\"caption-wrap\"><div class=\"caption\">Stillecke<\/div><\/div><\/li>\n                <li style=\"display: none; width: 100%;\" class=\"slide-1187 ms-image \" aria-roledescription=\"slide\" data-date=\"2022-12-15 12:08:52\" data-slide-type=\"image\"><img loading=\"lazy\" decoding=\"async\" width=\"400\" height=\"300\" src=\"https:\/\/lkgstillen.ch\/wordpress\/wp-content\/uploads\/2015\/05\/7_Mit_Sonde-an-der-Brust-stillen.jpg\" class=\"slider-1180 slide-1187 msDefaultImage\" alt=\"\" rel=\"\" title=\"8_Mit_Sonde an der Brust stillen\" style=\"margin: 0 auto; width: 57.142857142857%\" srcset=\"https:\/\/lkgstillen.ch\/wordpress\/wp-content\/uploads\/2015\/05\/7_Mit_Sonde-an-der-Brust-stillen.jpg 400w, https:\/\/lkgstillen.ch\/wordpress\/wp-content\/uploads\/2015\/05\/7_Mit_Sonde-an-der-Brust-stillen-300x225.jpg 300w\" sizes=\"auto, (max-width: 400px) 100vw, 400px\" \/><div class=\"caption-wrap\"><div class=\"caption\">Mit der Sonde an der Brust zuf\u00fcttern<\/div><\/div><\/li>\n                <li style=\"display: none; width: 100%;\" class=\"slide-1188 ms-image \" aria-roledescription=\"slide\" data-date=\"2022-12-15 12:08:52\" data-slide-type=\"image\"><img loading=\"lazy\" decoding=\"async\" width=\"400\" height=\"300\" src=\"https:\/\/lkgstillen.ch\/wordpress\/wp-content\/uploads\/2015\/05\/8_an-der-Brust.jpg\" class=\"slider-1180 slide-1188 msDefaultImage\" alt=\"\" rel=\"\" title=\"9_an der Brust. Andere Brust gleichzeitig abpumpen\" style=\"margin: 0 auto; width: 57.142857142857%\" srcset=\"https:\/\/lkgstillen.ch\/wordpress\/wp-content\/uploads\/2015\/05\/8_an-der-Brust.jpg 400w, https:\/\/lkgstillen.ch\/wordpress\/wp-content\/uploads\/2015\/05\/8_an-der-Brust-300x225.jpg 300w\" sizes=\"auto, (max-width: 400px) 100vw, 400px\" \/><div class=\"caption-wrap\"><div class=\"caption\">Maya trinkt von der Brust, Mutter pumpt gleichzeitig ab <\/div><\/div><\/li>\n                <li style=\"display: none; width: 100%;\" class=\"slide-1189 ms-image \" aria-roledescription=\"slide\" data-date=\"2022-12-15 12:08:52\" data-slide-type=\"image\"><img loading=\"lazy\" decoding=\"async\" width=\"450\" height=\"300\" src=\"https:\/\/lkgstillen.ch\/wordpress\/wp-content\/uploads\/2015\/05\/10_Maya_stillend_post_OP_ohne-Hilfsmittel.jpg\" class=\"slider-1180 slide-1189 msDefaultImage\" alt=\"\" rel=\"\" title=\"\" style=\"margin: 0 auto; width: 64.285714285714%\" srcset=\"https:\/\/lkgstillen.ch\/wordpress\/wp-content\/uploads\/2015\/05\/10_Maya_stillend_post_OP_ohne-Hilfsmittel.jpg 450w, https:\/\/lkgstillen.ch\/wordpress\/wp-content\/uploads\/2015\/05\/10_Maya_stillend_post_OP_ohne-Hilfsmittel-300x200.jpg 300w\" sizes=\"auto, (max-width: 450px) 100vw, 450px\" \/><div class=\"caption-wrap\"><div class=\"caption\">Maya nach Gaumen- und Lippenverschluss normal stillend. Hilfsmittel und Pumpe sind \u00fcberfl\u00fcssig.<\/div><\/div><\/li>\n            <\/ul>\n        <\/div>\n        \n    <\/div>\n<\/div>\n<hr \/>\n<h4><strong>Fabienne &amp; Mauro &#8211;\u00a0Unsere Geschichte<\/strong><\/h4>\n<p>Ich m\u00f6chte hier gerne unseren Weg beschreiben, welchen wir gegangen sind; von der\u00a0Diagnose, ein Kind mit einer LKG-Spalte zu bekommen, bis hin zur Operation unseres\u00a0Sohnes Mauro. Es ist ein spezieller Weg den wir gegangen sind, nicht immer einfach, aber\u00a0immer intensiv und sehr lehrreich an Erfahrungen.<\/p>\n<p>Bei meiner zweiten Ultraschalluntersuchung in der 24. Woche entdeckte die Gyn\u00e4kologin,\u00a0dass unser Kind eine Spalte in der Lippe hat. Bisher war die Schwangerschaft\u2026<br \/>\n<strong>weiterlesen\u00a0<a href=\"http:\/\/lkgstillen.ch\/wordpress\/wp-content\/uploads\/2015\/05\/8_Erfahrungsbericht_Mauro.pdf\" target=\"_blank\" rel=\"noopener\">Mauros Geschichte als PDF<\/a><\/strong><\/p>\n<hr \/>\n<h4><strong>Pauls Geschichte &#8211; Kennenlernen und Weg zum Stillen<\/strong><\/h4>\n<p>Paul ist am 2.11.2010 als\u00a0kr\u00e4ftiges, gesundes Baby zur\u00a0Welt gekommen. Leider hat er postnatal eine\u00a0Lungenentz\u00fcndung entwickelt,\u00a0die er aber innerhalb weniger\u00a0Tage dank optimaler Behandlung in der\u00a0Landesfrauen- und Kinderklinik\u00a0Linz ohne gro\u00dfe Schwierigkeiten\u00a0\u00fcberstanden hat.\u00a0Die ersten Tage mit ihm waren\u2026<br \/>\n<strong>weiterlesen<span style=\"color: #425999;\">\u00a0<a href=\"http:\/\/lkgstillen.ch\/wordpress\/wp-content\/uploads\/2015\/05\/10_PaulsStillgeschichte_LKG.pdf\" target=\"_blank\" rel=\"noopener\">Pauls\u00a0Geschichte als PDF<\/a><\/span><\/strong><\/p>\n<hr \/>\n<h4><b>Robert und Andrea \u2013 unser Weg zum vollen Stillen<\/b><\/h4>\n<p>Wir haben von Roberts Lippen-Kiefer-Gaumenfehlbildung &#8211; einseitig, rechts &#8211; in der 20. SSW erfahren,\u00a0als wir eine gro\u00dfe Ultraschall-Untersuchung durchf\u00fchren lie\u00dfen. Dass etwas nicht stimmte, haben\u00a0mein Mann und ich ab dem Moment gemerkt, als der Arzt bei der Untersuchung pl\u00f6tzlich verstummte,\u00a0uns nichts mehr erkl\u00e4rte und stattdessen sehr konzentriert auf den Monitor starrte. Mein Mann und ich\u00a0schauten abwechselnd auf den Monitor und dann wieder uns an, trauten uns nicht etwas zu sagen&#8230;<br \/>\n<strong>weiterlesen <a href=\"http:\/\/lkgstillen.ch\/wordpress\/wp-content\/uploads\/2016\/06\/Robert_einseitige_Lippenkiefergaumenspalte_2016.pdf\" target=\"_blank\" rel=\"noopener\">Roberts Geschichte als PDF<\/a><\/strong><\/p>\n<h4><strong>Kriterien zur Therapieentscheidung aus Sicht der Eltern<\/strong><\/h4>\n<p>Mein Name ist Andrea Siems. Im Mai 2010 ist unser Sohn Robert mit einer einseitigen Lippen-Kiefer-Gaumenfehlbildung auf die Welt gekommen. Wir wussten von der Fehlbildung seit der 20. Schwangerschaftswoche. Wir sind mit Robert in Siegen bei Herrn Dr. Koch in Behandlung. \u00dcber welchen Umweg und warum wir uns f\u00fcr Siegen entschieden haben und wie Robert letztendlich wirklich ein ganz normales Stillkind wurde, dar\u00fcber habe ich einen Erfahrungsbericht geschrieben, der in der \u201eGesichter\u201c im April 2011 und auch in der Deutschen Hebammen Zeitschrift 2012 erschienen ist. &#8230;<br \/>\n<strong>weiterlesen <a href=\"http:\/\/lkgstillen.ch\/wordpress\/wp-content\/uploads\/2015\/05\/Kriterien-zur-Therapieentscheidung-aus-Sicht-der-Eltern_Gesichter.pdf\" target=\"_blank\" rel=\"noopener\">Therapiebericht<\/a><\/strong><\/p>\n<hr \/>\n<h4>Bildergeschichte Finn<\/h4>\n<p>Bereits vor der Geburt informierte ich die Eltern \u00fcber die Ern\u00e4hrungsm\u00f6glichkeiten nach der Geburt. Finn bekam die abgepumpte Muttermilch durch eine an die Brust geklebte feine Magensonde gespritzt. Von Anfang an kamen Mutter und Finn gut zu recht damit. Nachts f\u00fctterte Papa mittels Fingerfeeding die Milch. Das war nat\u00fcrlich f\u00fcr die Mutter entlastend.<\/p>\n<div id=\"metaslider-id-1222\" style=\"width: 100%; margin: 0 auto;\" class=\"ml-slider-3-102-0 metaslider metaslider-flex metaslider-1222 ml-slider has-dots-nav ms-theme-default\" role=\"region\" aria-label=\"Finn\" data-height=\"300\" data-width=\"700\">\n    <div id=\"metaslider_container_1222\">\n        <div id=\"metaslider_1222\">\n            <ul class='slides'>\n                <li style=\"display: block; width: 100%;\" class=\"slide-1223 ms-image \" aria-roledescription=\"slide\" data-date=\"2022-12-15 12:43:39\" data-slide-type=\"image\"><img loading=\"lazy\" decoding=\"async\" width=\"357\" height=\"300\" src=\"https:\/\/lkgstillen.ch\/wordpress\/wp-content\/uploads\/2015\/05\/1_Finn-or-der-OP.jpg\" class=\"slider-1222 slide-1223 msDefaultImage\" alt=\"\" rel=\"\" title=\"1_Finn mit einseitiger LKG rechts vor der OP\" style=\"margin: 0 auto; width: 51%\" srcset=\"https:\/\/lkgstillen.ch\/wordpress\/wp-content\/uploads\/2015\/05\/1_Finn-or-der-OP.jpg 357w, https:\/\/lkgstillen.ch\/wordpress\/wp-content\/uploads\/2015\/05\/1_Finn-or-der-OP-300x252.jpg 300w\" sizes=\"auto, (max-width: 357px) 100vw, 357px\" \/><div class=\"caption-wrap\"><div class=\"caption\">Finn mit einseitiger LKG rechts vor der OP.<\/div><\/div><\/li>\n                <li style=\"display: none; width: 100%;\" class=\"slide-1224 ms-image \" aria-roledescription=\"slide\" data-date=\"2022-12-15 12:43:39\" data-slide-type=\"image\"><img loading=\"lazy\" decoding=\"async\" width=\"554\" height=\"300\" src=\"https:\/\/lkgstillen.ch\/wordpress\/wp-content\/uploads\/2015\/05\/2_beim-Stillen.jpg\" class=\"slider-1222 slide-1224 msDefaultImage\" alt=\"\" rel=\"\" title=\"2_beim Stillen mit Sonde an die Brust geklebt\" style=\"margin: 0 auto; width: 79.142857142857%\" srcset=\"https:\/\/lkgstillen.ch\/wordpress\/wp-content\/uploads\/2015\/05\/2_beim-Stillen.jpg 554w, https:\/\/lkgstillen.ch\/wordpress\/wp-content\/uploads\/2015\/05\/2_beim-Stillen-300x162.jpg 300w\" sizes=\"auto, (max-width: 554px) 100vw, 554px\" \/><div class=\"caption-wrap\"><div class=\"caption\">Stillen mit einer Sonde, die an die Brust geklebt ist.<\/div><\/div><\/li>\n                <li style=\"display: none; width: 100%;\" class=\"slide-1225 ms-image \" aria-roledescription=\"slide\" data-date=\"2022-12-15 12:43:39\" data-slide-type=\"image\"><img loading=\"lazy\" decoding=\"async\" width=\"470\" height=\"300\" src=\"https:\/\/lkgstillen.ch\/wordpress\/wp-content\/uploads\/2015\/05\/3_mit-Sonde-an-der-Brust-geklebt.jpg\" class=\"slider-1222 slide-1225 msDefaultImage\" alt=\"\" rel=\"\" title=\"3_Mutter spritzt im Rhythmus wie Finn saugt\" style=\"margin: 0 auto; width: 67.142857142857%\" srcset=\"https:\/\/lkgstillen.ch\/wordpress\/wp-content\/uploads\/2015\/05\/3_mit-Sonde-an-der-Brust-geklebt.jpg 470w, https:\/\/lkgstillen.ch\/wordpress\/wp-content\/uploads\/2015\/05\/3_mit-Sonde-an-der-Brust-geklebt-300x191.jpg 300w\" sizes=\"auto, (max-width: 470px) 100vw, 470px\" \/><div class=\"caption-wrap\"><div class=\"caption\">Mutter spritzt im Rhythmus wie Finn saugt.<\/div><\/div><\/li>\n                <li style=\"display: none; width: 100%;\" class=\"slide-1226 ms-image \" aria-roledescription=\"slide\" data-date=\"2022-12-15 12:43:39\" data-slide-type=\"image\"><img loading=\"lazy\" decoding=\"async\" width=\"207\" height=\"300\" src=\"https:\/\/lkgstillen.ch\/wordpress\/wp-content\/uploads\/2015\/05\/4_Fingerfeeding.jpg\" class=\"slider-1222 slide-1226 msDefaultImage\" alt=\"\" rel=\"\" title=\"4_Fingerfeeding\" style=\"margin: 0 auto; width: 29.571428571429%\" \/><div class=\"caption-wrap\"><div class=\"caption\">Unterwegs auch mal fingerfeeden mit SpecialNeeds\u00a9 Sauger<\/div><\/div><\/li>\n                <li style=\"display: none; width: 100%;\" class=\"slide-1227 ms-image \" aria-roledescription=\"slide\" data-date=\"2022-12-15 12:43:39\" data-slide-type=\"image\"><img loading=\"lazy\" decoding=\"async\" width=\"355\" height=\"300\" src=\"https:\/\/lkgstillen.ch\/wordpress\/wp-content\/uploads\/2015\/05\/5_Finn-gesund-und-munter.jpg\" class=\"slider-1222 slide-1227 msDefaultImage\" alt=\"\" rel=\"\" title=\"5_Finn ist ein frohes Kind\" style=\"margin: 0 auto; width: 50.714285714286%\" srcset=\"https:\/\/lkgstillen.ch\/wordpress\/wp-content\/uploads\/2015\/05\/5_Finn-gesund-und-munter.jpg 355w, https:\/\/lkgstillen.ch\/wordpress\/wp-content\/uploads\/2015\/05\/5_Finn-gesund-und-munter-300x254.jpg 300w\" sizes=\"auto, (max-width: 355px) 100vw, 355px\" \/><div class=\"caption-wrap\"><div class=\"caption\">Finn ist ein fr\u00f6hlicher Junge.<\/div><\/div><\/li>\n            <\/ul>\n        <\/div>\n        \n    <\/div>\n<\/div>\n<hr \/>\n<p><strong>Bericht einer werdenden Mutter eines Jungen mit einseitiger LKG<\/strong><\/p>\n<p>Liebe Frau Herzog,<\/p>\n<p>vielen Dank, ja, die DVD ist angekommen. Es war eine gute Idee und ich fand es sehr interessant. F\u00fcr mein Freund nicht sooo sehr, da er ja bei diesem Still-Thema schon etwas au\u00dfen vor ist und bleiben wird. Ihn interessieren mehr die Vor-Nachteile bzgl. der verschiedenen OP-Methoden, Risiken, Erfahrungsberichte, Logop\u00e4den-\/Kieferorthop\u00e4denerfahrungen, etc. Habe die DVD gestern bereits an meine Schw\u00e4gerin und meine Schwiegermutter gegeben. Meine Eltern und Schwestern sind dann auch noch dran.<\/p>\n<p>Mich hat nichts davon geschockt in diesem Sinne, einiges wussten wir bereits durch die B\u00fccher. Irgendwie nur seltsam, ich war nach dem Film, wie auch nach jedem Gespr\u00e4ch, jedem Buch, jedem Bericht, ein St\u00fcck mehr entspannt, denn es gibt verschiedene M\u00f6glichkeiten\u2026<br \/>\n<strong>weiterlesen <a href=\"http:\/\/lkgstillen.ch\/wordpress\/wp-content\/uploads\/2015\/05\/2_Bericht-einer-werdenden-Mutter-eines-Jungen-mit-einseitiger-LKG.pdf\" target=\"_blank\" rel=\"noopener\">Bericht als PDF<\/a><\/strong><\/p>\n<hr \/>\n<p>&nbsp;<\/p>\n<p>&nbsp;<\/p>\n","protected":false},"excerpt":{"rendered":"<p>Mayas Geschichte &#8211; in Wort und Bild Liebe Frau Beck* (Name ge\u00e4ndert aus \u00d6sterreich) Was f\u00fcr eine gute Nachricht! Einfach wunderbar, dass Sie es geschafft haben zu stillen. Bitte\u00a0schreiben Sie mir unbedingt noch, wie Maya* (Name ge\u00e4ndert) mit einseitiger LKG, &hellip; <a href=\"https:\/\/lkgstillen.ch\/wordpress\/einseitige-lkg\/\">Weiterlesen <span class=\"meta-nav\">&rarr;<\/span><\/a><\/p>\n","protected":false},"author":1,"featured_media":561,"parent":0,"menu_order":0,"comment_status":"closed","ping_status":"closed","template":"","meta":{"footnotes":""},"class_list":["post-462","page","type-page","status-publish","has-post-thumbnail","hentry"],"aioseo_notices":[],"_links":{"self":[{"href":"https:\/\/lkgstillen.ch\/wordpress\/wp-json\/wp\/v2\/pages\/462","targetHints":{"allow":["GET"]}}],"collection":[{"href":"https:\/\/lkgstillen.ch\/wordpress\/wp-json\/wp\/v2\/pages"}],"about":[{"href":"https:\/\/lkgstillen.ch\/wordpress\/wp-json\/wp\/v2\/types\/page"}],"author":[{"embeddable":true,"href":"https:\/\/lkgstillen.ch\/wordpress\/wp-json\/wp\/v2\/users\/1"}],"replies":[{"embeddable":true,"href":"https:\/\/lkgstillen.ch\/wordpress\/wp-json\/wp\/v2\/comments?post=462"}],"version-history":[{"count":49,"href":"https:\/\/lkgstillen.ch\/wordpress\/wp-json\/wp\/v2\/pages\/462\/revisions"}],"predecessor-version":[{"id":1473,"href":"https:\/\/lkgstillen.ch\/wordpress\/wp-json\/wp\/v2\/pages\/462\/revisions\/1473"}],"wp:featuredmedia":[{"embeddable":true,"href":"https:\/\/lkgstillen.ch\/wordpress\/wp-json\/wp\/v2\/media\/561"}],"wp:attachment":[{"href":"https:\/\/lkgstillen.ch\/wordpress\/wp-json\/wp\/v2\/media?parent=462"}],"curies":[{"name":"wp","href":"https:\/\/api.w.org\/{rel}","templated":true}]}}