{"id":25,"date":"2015-03-25T11:19:13","date_gmt":"2015-03-25T11:19:13","guid":{"rendered":"http:\/\/wp12210664.server-he.ch\/wordpress\/?page_id=25"},"modified":"2025-11-20T09:40:56","modified_gmt":"2025-11-20T09:40:56","slug":"milchgewinnung","status":"publish","type":"page","link":"https:\/\/lkgstillen.ch\/wordpress\/milchgewinnung\/","title":{"rendered":"Milchgewinnung"},"content":{"rendered":"<p><strong>Voraussetzung f\u00fcr eine gen\u00fcgende Milchbildung bei offenem Gaumen ist ein Vakuum\/Unterdruck.<\/strong><\/p>\n<p><strong>Milchbildung aufbauen<\/strong><\/p>\n<p style=\"font-weight: 400;\">Das Abpumpen ist ab Geburt die Voraussetzung f\u00fcr die Milchbildung in der besonderen Situation mit offenem Gaumen. &gt; siehe <a title=\"Das HERZOG\u00a9 Prinzip\" href=\"https:\/\/lkgstillen.ch\/wordpress\/das-herzog-prinzip\/\"><strong>HERZOG Prinzip<\/strong><\/a><\/p>\n<p style=\"font-weight: 400;\">Beim offenen Gaumen ist der Mundraum (Ern\u00e4hrungsweg) mit der Nase (Atemweg) verbunden. Die durch die L\u00fccke entweichende Luft verhindert den Aufbau des Unterdrucks, der f\u00fcr das normale Saugen n\u00f6tig ist. Erst nach dem vollst\u00e4ndig verschlossenen Gaumen gelingt der Unterdruck.<\/p>\n<p style=\"font-weight: 400;\">Das Kolostrum, sowie die Muttermilch der ersten Zeit enth\u00e4lt besonders viele Immunstoffe. Wunderbar, dass Sie Ihrem Neugeborenen mit ihrer abgepumpten Milch diese Immunstoffe geben k\u00f6nnen.<\/p>\n<p style=\"font-weight: 400;\">Ist die Milchmenge aufgebaut, k\u00f6nnen Sie jederzeit \u00fcberlegen, wie Sie weiterfahren m\u00f6chten. &gt; siehe <a title=\"Spaltformen und Ern\u00e4hrung\" href=\"https:\/\/lkgstillen.ch\/wordpress\/ernaehrung-2\/\"><strong>Spaltformen und Ern\u00e4hrung<\/strong><\/a><\/p>\n<p style=\"font-weight: 400;\">Ihre Hebamme, oder eine Fachperson, die sich auskennt mit der Ern\u00e4hrung von Babys mit einer Gaumen-Fehlbildung, wird Sie in Ihrer speziellen Situation beraten.<\/p>\n<p style=\"font-weight: 400;\"><img loading=\"lazy\" decoding=\"async\" class=\"alignnone size-medium wp-image-81\" src=\"http:\/\/lkgstillen.ch\/wordpress\/wp-content\/uploads\/2015\/03\/Kuehlschrank_MM-Loeffel-300x165.jpg\" alt=\"Kuehlschrank_MM+Loeffel\" width=\"300\" height=\"165\" srcset=\"https:\/\/lkgstillen.ch\/wordpress\/wp-content\/uploads\/2015\/03\/Kuehlschrank_MM-Loeffel-300x165.jpg 300w, https:\/\/lkgstillen.ch\/wordpress\/wp-content\/uploads\/2015\/03\/Kuehlschrank_MM-Loeffel-1024x564.jpg 1024w, https:\/\/lkgstillen.ch\/wordpress\/wp-content\/uploads\/2015\/03\/Kuehlschrank_MM-Loeffel.jpg 1181w\" sizes=\"auto, (max-width: 300px) 100vw, 300px\" \/><\/p>\n<p><a href=\"http:\/\/lkgstillen.ch\/wordpress\/wp-content\/uploads\/2015\/03\/Kuehlschrank_MM-Loeffel.jpg\">Ob viel oder wenig Muttermilch &#8211; jeder Tropfen z\u00e4hlt!<\/a><\/p>\n<p style=\"font-weight: 400;\"><strong>Milchpumpen<\/strong><\/p>\n<ul>\n<li>In den Krankenh\u00e4usern stehen leistungsstarke Doppel-Milchpumpen f\u00fcr ein schonendes Abpumpen mit Stimulations- und Abpumphase zur Verf\u00fcgung.<\/li>\n<li>F\u00fcr den l\u00e4ngeren Gebrauch zu Hause und unterwegs eignet sich eine handliche, leistungsstarke, ger\u00e4uscharme, handfreie Milchpumpe. Die Pumpe wird in n\u00e4chster Zeit Ihre Begleiterin sein.<\/li>\n<li>Weitere elektrische Milchpumpen gibt es auch von verschiedenen anderen Firmen.<\/li>\n<li>Krankenkassen bezahlen einen Teil der Kosten f\u00fcr die Pumpe, evtl. auch alles. Erkundigen Sie sich vorher bei der Kasse.<\/li>\n<li>Das Pumpen wird in den n\u00e4chsten Tagen, Wochen und Monaten zu Ihrem Alltag geh\u00f6ren. Sobald der Gaumen Ihres Babys komplett verschlossen ist, kann es einen Unterdruck aufbauen und Ihre Br\u00fcste so entleeren, dass sich das Pumpen er\u00fcbrigt.<\/li>\n<\/ul>\n<p><strong>Bustier<\/strong><\/p>\n<p>Mit dem Bustier wird Ihnen das handfreie Abpumpen erleichtert. Sie haben die H\u00e4nde frei f\u00fcr andere wichtige Dinge.<\/p>\n<hr \/>\n<p><strong>\u201ePumpstillen\u201c \u2013 Pflegestufe\u00a0<\/strong><\/p>\n<p>F\u00fcr Leserinnen aus Deutschland<\/p>\n<p>Wenn Sie Ihre Muttermilch \u00fcber einen l\u00e4ngeren Zeitraum abpumpen, lohnt es sich einen Antrag zur Pflegestufe zu stellen. Je nach Zeitaufwand entscheidet ein Gutachter des Medizinischen Dienstes der Krankenkassen MDK \u00fcber die Stufe. Melden Sie sich nach der Geburt bald an!<\/p>\n<p>Die neue Rechtslage gew\u00e4hrt f\u00fcr das Pumpstillen von Babys mit einer LKGS Pflegestufe I \u2013 II.<\/p>\n<p><strong>Bedingungen<\/strong><\/p>\n<ul>\n<li>Pumpen von Muttermilch gilt als Grundpflege<\/li>\n<li>Wenn ein Baby aufgrund seiner k\u00f6rperlichen Situation nicht\u00a0direkt aus der Mutterbrust trinken kann<\/li>\n<li>Bei mindestens 3 Monaten Pumpzeit<\/li>\n<li>Pflegestufe: aktueller Betrag \/ Pumpzeit<\/li>\n<\/ul>\n<p>Viel Erfahrung haben die Teilnehmerinnen der Selbsthilfegruppe<br \/>\nauf\u00a0Facebook: <a href=\"https:\/\/www.facebook.com\/groups\/LKGS.Na.und\/\" target=\"_blank\" rel=\"noopener\">https:\/\/www.facebook.com\/groups\/LKGS.Na.und\/<\/a><\/p>\n<p style=\"font-weight: 400;\">oder <a href=\"https:\/\/lkgs-naund.org\/ueber-lkgs\">https:\/\/lkgs-naund.org\/ueber-lkgs<\/a><\/p>\n<p><a href=\"https:\/\/www.facebook.com\/groups\/170233539815798\" target=\"_blank\" rel=\"noopener\">\u00a0<\/a><\/p>\n","protected":false},"excerpt":{"rendered":"<p>Voraussetzung f\u00fcr eine gen\u00fcgende Milchbildung bei offenem Gaumen ist ein Vakuum\/Unterdruck. Milchbildung aufbauen Das Abpumpen ist ab Geburt die Voraussetzung f\u00fcr die Milchbildung in der besonderen Situation mit offenem Gaumen. &gt; siehe HERZOG Prinzip Beim offenen Gaumen ist der Mundraum &hellip; <a href=\"https:\/\/lkgstillen.ch\/wordpress\/milchgewinnung\/\">Weiterlesen <span class=\"meta-nav\">&rarr;<\/span><\/a><\/p>\n","protected":false},"author":1,"featured_media":94,"parent":0,"menu_order":0,"comment_status":"closed","ping_status":"closed","template":"","meta":{"footnotes":""},"class_list":["post-25","page","type-page","status-publish","has-post-thumbnail","hentry"],"aioseo_notices":[],"_links":{"self":[{"href":"https:\/\/lkgstillen.ch\/wordpress\/wp-json\/wp\/v2\/pages\/25","targetHints":{"allow":["GET"]}}],"collection":[{"href":"https:\/\/lkgstillen.ch\/wordpress\/wp-json\/wp\/v2\/pages"}],"about":[{"href":"https:\/\/lkgstillen.ch\/wordpress\/wp-json\/wp\/v2\/types\/page"}],"author":[{"embeddable":true,"href":"https:\/\/lkgstillen.ch\/wordpress\/wp-json\/wp\/v2\/users\/1"}],"replies":[{"embeddable":true,"href":"https:\/\/lkgstillen.ch\/wordpress\/wp-json\/wp\/v2\/comments?post=25"}],"version-history":[{"count":55,"href":"https:\/\/lkgstillen.ch\/wordpress\/wp-json\/wp\/v2\/pages\/25\/revisions"}],"predecessor-version":[{"id":1481,"href":"https:\/\/lkgstillen.ch\/wordpress\/wp-json\/wp\/v2\/pages\/25\/revisions\/1481"}],"wp:featuredmedia":[{"embeddable":true,"href":"https:\/\/lkgstillen.ch\/wordpress\/wp-json\/wp\/v2\/media\/94"}],"wp:attachment":[{"href":"https:\/\/lkgstillen.ch\/wordpress\/wp-json\/wp\/v2\/media?parent=25"}],"curies":[{"name":"wp","href":"https:\/\/api.w.org\/{rel}","templated":true}]}}